Suppose -376 + 76 = -t*o. Let m = o - 54. What are the prime factors of m?
2, 3
Let b = 168 + -167. What are the prime factors of ((b - 2) + 123)*(-40)/(-16)?
5, 61
What are the prime factors of 4/(((-28)/(-112))/((-2649)/(-24)))?
2, 883
Let x be (-15466)/26 + (-22)/143. Let g = 505 - x. List the prime factors of g.
2, 5, 11
Suppose -25 = 4*p + p. Let l(t) be the first derivative of -3*t**4/4 - 2*t**3 + t**2 - 12*t - 2682. List the prime factors of l(p).
7, 29
Let n(a) = -1034*a + 19. Let d be n(-14). Suppose 51725 = 34*v + d. What are the prime factors of v?
3, 5, 73
Let h be 129/(-27) + 5 + (-1292)/(-18). Suppose 6*k - h = 2*k. What are the prime factors of (-330)/(-4)*12/k?
5, 11
Suppose -18*q = 10*q. Suppose -56*t + 54*t + 1544 = q. List the prime factors of t.
2, 193
Let g(u) = 21*u**2 + 14*u + 55. What are the prime factors of g(-20)?
3, 5, 109
Suppose 7 + 33 = -5*d. Let a(h) = 31*h**3 - 12*h**3 - 3*h - 24*h**2 - 9*h**3 - 11 - 4*h**3 - 9*h**3. List the prime factors of a(d).
13
Suppose -3*f - 47 + 11 = 0. Suppose 12*c = -38*c. List the prime factors of f/15*(-20 - c).
2
Let t(x) = 11*x**2 + 3*x - 7. Let b be t(3). Suppose 4*i = 5*u - b, 2*u - 4*i - 4 - 34 = 0. What are the prime factors of u?
3, 7
Let o = 866 - 479. Let l = o - 91. List the prime factors of l.
2, 37
Suppose 5*g = 5*a, 0 = -g + 2*a - 2 + 1. Let t be (g/1 - -1) + (4 - 0). List the prime factors of 38 + 2/(t/(-15)).
3, 11
Let o(w) = 3*w**3 + 2*w**2 - w - 1. Let t be o(1). What are the prime factors of (-1)/t - (-3)/((-81)/(-30924))?
5, 229
Let a = -4 + -2. Let f(s) = 2*s**2 - 8*s - 18. Let y(i) = i**2 - 13*i - 20. Let v(k) = 3*f(k) - 2*y(k). List the prime factors of v(a).
2, 59
Suppose -46*l - 3288266 = -107*l. List the prime factors of l.
2, 26953
Let n(s) be the second derivative of s**5/20 - 15*s**4/4 + 32*s**3/3 - 79*s**2/2 - 38*s + 2. List the prime factors of n(44).
3, 89
Suppose 3*p + 0*x = 3*x - 204, 0 = 3*p + 5*x + 220. Let r be 14/p - (-218)/(-10)*1. List the prime factors of 4/r - 2/((-22)/915).
83
Let p = 4246 - 2806. Suppose 28*a = 24*a + p. List the prime factors of a.
2, 3, 5
Let p = -71 + 84. Let l = p - 10. Suppose 0 = -3*a + l, -2*f - 34 = -3*f + a. List the prime factors of f.
5, 7
Let q = 675 + -333. Suppose -4*w - 5*x + 340 = -q, 2 = x. What are the prime factors of w?
2, 3, 7
Let g(z) = 5*z**2 + z - 3. Let h be g(1). Suppose a = h*q, -3*a - 3*q = -34 + 10. What are the prime factors of 117 - (a + -8 + 4)?
5, 23
Let z be (-9 - -9) + 8 + -11. What are the prime factors of (-6 + z + 38 - -2)*50?
2, 5, 31
Let v = -22574 + 59123. What are the prime factors of v?
3, 31, 131
Let k = 6417 - 5953. List the prime factors of k.
2, 29
Let a = -380 + 210. Let j = a - -238. List the prime factors of j.
2, 17
Let a(d) be the second derivative of 11*d**5/20 + 7*d**4/12 - 2*d**3/3 - 4*d**2 + 7*d. Let h be a(6). List the prime factors of h/28 + 0 - (-8)/28.
3, 31
Let i = 1134 + -734. What are the prime factors of i?
2, 5
Let p = 620 + 32. Suppose v = -o + p, -4697 = -5*o + 3*v - 1445. List the prime factors of o.
3, 7, 31
Let h = 20338 + -7107. List the prime factors of h.
101, 131
Let s = -13980 + 7506. What are the prime factors of (-6 - 112/(-18)) + s/(-27)?
2, 3, 5
Let s = 429 + 1891. What are the prime factors of s?
2, 5, 29
Suppose 4*c = -2*k - 2*k + 20776, -2*k + 10384 = -2*c. What are the prime factors of k?
3, 577
What are the prime factors of 15/9 + (-1462645)/(-129)?
2, 3, 5, 7
Suppose 0 = 6*s - 11*s + 10. Let o be s/(-11) + 598/22. Suppose 3*m + m = -2*h + 46, h + m = o. List the prime factors of h.
31
Let w(n) = 2*n - 22. Let g be w(11). Suppose g = z - 2*z + 18. List the prime factors of (780/z)/((-4)/(-6)) + 0.
5, 13
Suppose -l = -5*j + 154, 3*j - 2*l = 15 + 83. What are the prime factors of j/9*(-2223)/(-26)?
3, 5, 19
Let o(f) = 38*f**2 - 3*f + 9. Let t be o(4). Suppose -4*x - t = 315. What are the prime factors of (18/(-30))/(2/x)?
3, 23
Suppose 347 = 4*t + 915. Suppose 8*b - 215 - 1985 = 0. Let g = t + b. List the prime factors of g.
7, 19
Suppose 19*x - 16 = 15*x. Suppose -4*u = -4*o + x, -3*u = 3*o - 0*o - 15. Suppose -o*w + 40 = 2*w + 3*i, -2*w + 4*i = -16. List the prime factors of w.
2
Suppose 0 = 49*w + 41 - 139. Suppose -w*r - 20 = 2*r, 0 = -2*j - r + 3781. What are the prime factors of j?
3, 631
Let d = 43083 + -27258. What are the prime factors of d?
3, 5, 211
Suppose x + 3*f - 85 = 0, f + 345 = -0*x + 5*x. Suppose 0 = 5*y - x - 15. Suppose -y*n - 190 = -22*n. List the prime factors of n.
2, 19
Let z(r) = r**2 - 4*r + 49. Let c be 258/54 - (20/(-9) - -2). What are the prime factors of z(c)?
2, 3
Let t be -8 + 24 + 8/2. Let f be 9/((-72)/t)*12/(-5). Suppose 2*l - 1232 = -f*l. What are the prime factors of l?
2, 7, 11
Suppose 184*x - 3696 = 180*x. Suppose -399 - x = -3*r. What are the prime factors of r?
3, 7
Let n be 4/8*560/2. Let o be n/3*36/(-24). Let h = 135 + o. What are the prime factors of h?
5, 13
Let k = 261 - 335. Suppose -2*g + 292 = -26. Let q = g + k. List the prime factors of q.
5, 17
Let d(g) = g**2 - 16*g - 24. Let q be d(17). Let t be 19/q + -1 - 24/84. What are the prime factors of t/(-3)*(-159)/(-2)?
2, 53
Let k(z) = 10*z**2 + 417*z - 55. What are the prime factors of k(-62)?
3, 4177
Suppose 0 = 4*g - 8. Suppose 5*h - 2*t + 12 = g*t, 3*h - 5*t + 15 = 0. Suppose h = -3*v - f + 116, v + 0*v - 52 = 3*f. List the prime factors of v.
2, 5
Suppose -170*b + 482003 + 384920 = -201357. What are the prime factors of b?
2, 1571
Let y = -130 + 135. Suppose -966 = -6*x + 3*x + 3*f, -y*x = 5*f - 1660. What are the prime factors of x?
3, 109
Suppose -6*v = -4*v - 6. Suppose -3*a + 6 = 0, -3 + 1 = v*u + 2*a. What are the prime factors of 314/10 - 4*u/(-20)?
31
Suppose d - b + 0*b = 20, -4*b + 34 = 2*d. Suppose -48 = -w + d. Let l = -17 + w. List the prime factors of l.
2, 5
Let h be (-2)/8 + (-4)/((-16)/753). List the prime factors of 2 + h + 1 + 0 + -3.
2, 47
Suppose -3*p - 2 + 32 = 0. Let h be (-8)/10*p/(-4). List the prime factors of (-176)/(-3) - -3 - h/3.
61
Let u(y) = 26*y**2 + 31*y - 768. List the prime factors of u(18).
2, 3, 37
Suppose -5*s = 2*s + k - 249, 0 = -2*s - 2*k + 66. Let g(r) = -2*r**3 - 2*r - 3. Let h be g(-2). Suppose h*q = 20*q - s. List the prime factors of q.
2, 3
Suppose -136513 = -82*v + 279473. What are the prime factors of v?
3, 19, 89
Suppose -291*w + 271*w + 207660 = 0. What are the prime factors of w?
3, 3461
Let t(o) = 23*o - 105. Let z be t(34). Suppose -703 - z = -2*v + 2*x, 0 = -v + 4*x + 675. What are the prime factors of v?
5, 139
Let i = 267 - 259. Let s(t) = 10*t**2 - 6*t - 1. What are the prime factors of s(i)?
3, 197
Let z = -4349 + 6753. What are the prime factors of z?
2, 601
List the prime factors of -2*(-3)/(-2)*(-160)/(-320)*-17014.
3, 47, 181
Suppose -35*t + 908 = -72. Suppose 0 = -10*f + t*f - 20934. What are the prime factors of f?
1163
Suppose 432*v + 469 = 439*v. List the prime factors of v.
67
Suppose -3*v + 2*q + 1 - 7 = 0, v + 3*q = -2. Let m be v/(-6)*(0 - -10 - 4). Suppose -m*p - 108 = -3*p. List the prime factors of p.
2, 3
Let t = -158 - -9725. List the prime factors of t.
3, 1063
Suppose 56*x - 582 = -224 + 3786. Let a(d) = d**2 + d + 7. Let u be a(-5). Suppose u*k + x = 28*k. What are the prime factors of k?
2, 37
Suppose 0 = -12*b - b + 910. Let l = b + 315. List the prime factors of l.
5, 7, 11
Let a = -53 + 58. Suppose -2*y + a*q + 0 - 19 = 0, y - 4*q + 17 = 0. Suppose 0 = y*z - 26 - 136. What are the prime factors of z?
2, 3
Suppose 13*m + 134526 = 335194. List the prime factors of m.
2, 17, 227
Let u = -10 - -19. Suppose -h = -4*h + u. Suppose 0 = -h*w - 2*s + 226 + 398, s - 832 = -4*w. What are the prime factors of w?
2, 13
Suppose -4*w = -2*b + 56610, -2*b + 9605 = w - 47045. List the prime factors of b.
127, 223
Let j be ((-1)/3)/((-8)/48). Let v = -228 - -231. Suppose -2*y - 155 = -v*p, p - j*y - 50 = 7. What are the prime factors of p?
7
Let j(h) = 827*h + 279. List the prime factors of j(7).
2, 37, 41
Let c = -349 + 354. Let k = -33 + 18. What are the prime factors of c/(-2)*36/k?
2, 3
Suppose d = u - 2936, 0 = 17*d - 18*d - 1. List the prime factors of u.
5, 587
Suppose -4*g - 2*f = -14, 3*g + 0*g + 6 = 4*f. Suppose -g*b + 2415 = 5*u - 739, -2*u + b = -1267. List 